he highest common divisor of 397418 and 63.
7
Calculate the highest common factor of 27 and 468169.
1
Calculate the greatest common divisor of 5041504 and 11336.
104
Calculate the highest common factor of 2772 and 521549644.
308
Calculate the highest common divisor of 1257712 and 16.
16
What is the greatest common divisor of 594264 and 4488?
264
What is the highest common factor of 1095 and 12673165?
365
Calculate the greatest common divisor of 10718520 and 25449.
1497
Calculate the highest common divisor of 139435 and 86110.
395
Calculate the highest common factor of 2133 and 329071656.
237
What is the greatest common factor of 40 and 1335164720?
40
What is the highest common divisor of 1404 and 51227586?
54
What is the highest common factor of 335052 and 4900?
4
Calculate the highest common divisor of 138 and 97777485.
69
What is the greatest common factor of 82417212 and 153897?
3579
Calculate the greatest common divisor of 3852 and 50635503.
963
Calculate the highest common divisor of 16026 and 2348.
2
What is the highest common divisor of 18656 and 10886942?
1166
What is the greatest common divisor of 1350 and 536050?
50
What is the highest common divisor of 7113784 and 1527?
509
What is the greatest common divisor of 17 and 161758621?
17
What is the highest common divisor of 1332 and 84013236?
1332
What is the highest common factor of 60645 and 29770?
65
What is the highest common divisor of 978 and 11974686?
6
Calculate the highest common factor of 6246080 and 480.
160
What is the greatest common divisor of 4568960 and 700832?
3872
What is the greatest common factor of 39 and 101966007?
39
Calculate the highest common divisor of 48425 and 352981.
149
What is the highest common factor of 126 and 1785954?
6
Calculate the greatest common factor of 38315935 and 1435.
1435
Calculate the highest common factor of 46090752 and 5328.
1776
Calculate the highest common factor of 328 and 332156170.
82
What is the highest common divisor of 167 and 79842700?
167
Calculate the highest common divisor of 55448640 and 104.
104
What is the greatest common divisor of 12581383 and 13489?
1927
Calculate the highest common factor of 219462642 and 216.
54
Calculate the highest common divisor of 17092 and 748.
4
What is the highest common divisor of 55 and 47701863?
11
What is the greatest common factor of 1632 and 4209999?
51
Calculate the greatest common factor of 13132011 and 498.
249
What is the greatest common divisor of 2409070 and 1956190?
6290
Calculate the highest common divisor of 220 and 26092180.
20
Calculate the highest common factor of 6432350 and 3914.
206
Calculate the greatest common divisor of 292 and 522741028.
292
What is the greatest common divisor of 3358548051 and 303?
303
Calculate the highest common factor of 651 and 788613.
21
What is the greatest common divisor of 419430 and 5890?
310
Calculate the highest common factor of 66967 and 324409.
401
Calculate the greatest common divisor of 208420 and 3055805.
3065
Calculate the highest common divisor of 1885 and 2004209285.
1885
Calculate the greatest common factor of 96136092 and 572.
52
Calculate the highest common factor of 76675 and 4082177.
3067
Calculate the highest common factor of 72020 and 5295.
5
What is the greatest common divisor of 604 and 21503004?
604
Calculate the greatest common divisor of 11475161 and 4419.
491
What is the highest common factor of 748 and 131604?
44
What is the greatest common divisor of 130 and 21683480?
130
Calculate the greatest common divisor of 132579325 and 185.
185
Calculate the greatest common factor of 16293 and 135921637.
5431
Calculate the greatest common divisor of 29145 and 148480.
145
Calculate the highest common factor of 2479720 and 449320.
1880
What is the highest common factor of 2525354 and 680846?
1886
Calculate the greatest common factor of 24 and 1554380376.
24
Calculate the highest common divisor of 770329890 and 660.
330
What is the greatest common divisor of 38 and 194369696?
38
Calculate the greatest common divisor of 6205 and 15543610.
85
Calculate the greatest common divisor of 108361828 and 1812.
604
Calculate the greatest common factor of 60208464 and 2928.
2928
Calculate the greatest common factor of 91 and 4251169.
13
Calculate the greatest common factor of 363212745 and 35.
35
What is the highest common divisor of 175591 and 585923?
169
Calculate the greatest common divisor of 8883759 and 1.
1
Calculate the greatest common divisor of 90 and 255375234.
18
What is the highest common factor of 44785587 and 1239?
21
Calculate the highest common divisor of 2929101 and 2808204.
2121
Calculate the highest common factor of 3452670 and 1404.
234
What is the highest common factor of 3752426 and 43152?
1798
What is the greatest common factor of 8211 and 156837?
69
Calculate the highest common factor of 405 and 977608845.
405
What is the greatest common divisor of 4092 and 143352?
132
What is the greatest common factor of 309550 and 330992?
302
Calculate the highest common factor of 2024876 and 588.
196
What is the greatest common factor of 1104 and 4054969?
23
Calculate the greatest common divisor of 149022451 and 69.
23
Calculate the highest common factor of 985708 and 552.
4
What is the highest common factor of 73364577 and 16965?
1131
What is the highest common divisor of 7520 and 3302560?
160
Calculate the greatest common factor of 31512799 and 1004.
251
What is the greatest common divisor of 607572 and 468?
36
Calculate the greatest common divisor of 165756 and 57.
57
Calculate the greatest common divisor of 525 and 35270400.
75
What is the greatest common divisor of 15786 and 23087902?
1754
What is the greatest common factor of 210645 and 3187575?
1395
What is the greatest common divisor of 1964264 and 88?
8
What is the highest common factor of 70124354 and 2836?
1418
What is the greatest common factor of 852778758 and 156?
78
Calculate the highest common factor of 917 and 28106967.
917
What is the greatest common factor of 2727936 and 90828?
36
Calculate the highest common factor of 6529649 and 238.
119
Calculate the greatest common factor of 4818944 and 16471.
2353
What is the highest common divisor of 311361673 and 553?
553
Calculate the highest common divisor of 44799993 and 71199.
7911
What is the highest common divisor of 8095356 and 412344?
2484
What is the greatest common divisor of 32 and 3954216?
8
Calculate the greatest common divisor of 295866254 and 4196.
2098
What is the greatest common factor of 528 and 16659?
3
Calculate the highest common factor of 17072380 and 381940.
3380
What is the highest common factor of 26469443 and 35464?
4433
What is the greatest common factor of 6037127 and 12824?
229
What is the greatest common factor of 58065 and 232995?
735
Calculate the highest common divisor of 425106 and 186637.
209
What is the greatest common divisor of 34427 and 244571?
199
What is the greatest common factor of 1355 and 1780199?
271
Calculate the highest common divisor of 759651 and 1465908.
2427
Calculate the highest common divisor of 280 and 13523000.
40
Calculate the highest common factor of 9026 and 4225368458.
9026
What is the highest common divisor of 17706038 and 2366?
14
What is the greatest common factor of 373824 and 978633?
531
Calculate the greatest common factor of 305842019 and 2023.
119
What is the highest common factor of 496341950 and 2045?
2045
Calculate the greatest common divisor of 33202656 and 464.
16
What is the greatest common factor of 402081 and 191088?
3981
What is the greatest common factor of 53829642 and 1038?
1038
Calculate the highest common factor of 6830 and 15368866.
1366
What is the highest common divisor of 32 and 3713168?
16
What is the greatest common factor of 3748949 and 19649?
401
Calculate the highest common divisor of 2131954 and 660.
22
Calculate the greatest common divisor of 4308930 and 7350.
30
What is the highest common divisor of 492076 and 2444?
52
What is the greatest common divisor of 2579952 and 452176?
944
Calculate the highest common factor of 376066 and 6962.
118
What is the greatest common divisor of 319 and 16195201?
11
Calculate the highest common divisor of 11862 and 29745942.
3954
Calculate the highest common factor of 13055210 and 137330.
4430